he highest common factor of 360 and 1504.
8
Calculate the greatest common divisor of 132 and 1221.
33
Calculate the greatest common divisor of 148 and 80623.
37
What is the greatest common factor of 159 and 6148?
53
Calculate the highest common divisor of 44736 and 5808.
48
Calculate the highest common divisor of 19685 and 775.
155
Calculate the highest common factor of 480 and 894.
6
Calculate the greatest common divisor of 233 and 197.
1
Calculate the greatest common divisor of 15719 and 187.
11
Calculate the greatest common factor of 501686 and 142.
142
Calculate the highest common factor of 621 and 209574.
27
Calculate the highest common divisor of 4080 and 72505.
85
Calculate the greatest common factor of 3636 and 516.
12
What is the greatest common factor of 17100 and 35169?
57
Calculate the highest common factor of 349080 and 168.
24
What is the greatest common divisor of 7472 and 24?
8
Calculate the highest common divisor of 91 and 3661.
7
What is the highest common factor of 42 and 68397?
21
What is the highest common divisor of 673 and 2?
1
Calculate the highest common divisor of 1139976 and 27264.
1704
Calculate the highest common factor of 2832 and 2946.
6
What is the highest common factor of 16724 and 38776?
148
What is the highest common divisor of 31845 and 1540?
55
Calculate the highest common factor of 314 and 768.
2
Calculate the greatest common factor of 9468387 and 1817.
1817
What is the greatest common divisor of 670922 and 4046?
238
What is the greatest common divisor of 1055 and 20?
5
What is the highest common divisor of 642 and 17441?
107
Calculate the highest common divisor of 2407 and 1711.
29
What is the greatest common factor of 71208 and 23?
23
Calculate the greatest common divisor of 5108 and 284.
4
Calculate the greatest common factor of 10127 and 10660.
533
What is the greatest common factor of 3527 and 9?
1
Calculate the greatest common factor of 18296 and 56.
8
What is the greatest common divisor of 5920 and 3160?
40
Calculate the greatest common factor of 5198156 and 3228.
1076
What is the highest common factor of 83 and 8464921?
83
Calculate the highest common factor of 925 and 4995.
185
Calculate the greatest common divisor of 935 and 1336885.
55
What is the highest common divisor of 24344 and 1207?
17
Calculate the highest common factor of 30 and 53862.
6
What is the highest common factor of 598646 and 2?
2
Calculate the highest common divisor of 1185 and 11692.
79
Calculate the highest common divisor of 126 and 11403.
63
Calculate the highest common factor of 610 and 169824.
122
Calculate the highest common factor of 17280 and 300240.
2160
What is the highest common factor of 31806 and 194184?
1674
Calculate the highest common divisor of 133534 and 7160.
358
What is the highest common factor of 126 and 83016?
18
Calculate the greatest common divisor of 125 and 6725.
25
Calculate the highest common factor of 13755825 and 9.
9
Calculate the greatest common divisor of 15201 and 3.
3
Calculate the highest common factor of 1133 and 824.
103
What is the greatest common divisor of 364651 and 922?
461
What is the highest common factor of 27645 and 1755?
15
Calculate the greatest common divisor of 140553 and 49.
7
What is the highest common factor of 891 and 1529?
11
What is the highest common factor of 1434 and 18?
6
Calculate the highest common divisor of 285 and 11172.
57
Calculate the highest common factor of 1320 and 11400.
120
Calculate the highest common factor of 1520 and 168340.
380
Calculate the highest common factor of 42195 and 11310.
435
Calculate the highest common divisor of 1068314 and 884.
442
What is the greatest common divisor of 38879 and 901?
17
What is the highest common factor of 49 and 10902157?
49
Calculate the greatest common divisor of 55756 and 6731.
53
What is the highest common divisor of 504 and 861?
21
What is the greatest common divisor of 104 and 632?
8
What is the greatest common divisor of 3616 and 720?
16
What is the highest common factor of 6161 and 2562?
61
Calculate the greatest common factor of 586879 and 80120.
2003
Calculate the greatest common divisor of 47790 and 6885.
405
What is the greatest common factor of 728 and 1016?
8
What is the highest common factor of 47038 and 2030?
58
Calculate the highest common factor of 528 and 6501.
33
Calculate the greatest common divisor of 186 and 150567.
93
What is the greatest common factor of 26 and 1463033?
13
What is the greatest common factor of 752 and 24628?
188
Calculate the greatest common factor of 48280 and 27880.
680
What is the greatest common divisor of 2171 and 1261?
13
Calculate the greatest common factor of 75 and 54650.
25
What is the highest common factor of 650 and 40925?
25
Calculate the greatest common factor of 210710 and 38.
38
Calculate the highest common factor of 75423 and 899.
31
Calculate the greatest common factor of 14634 and 72.
18
Calculate the highest common divisor of 13826 and 124.
62
What is the greatest common factor of 8967 and 231?
21
What is the greatest common factor of 210 and 109704?
42
What is the greatest common factor of 2655 and 940?
5
Calculate the greatest common divisor of 900 and 452.
4
What is the greatest common divisor of 11881 and 2?
1
What is the greatest common divisor of 115560 and 189?
27
What is the highest common divisor of 6435 and 2808?
117
What is the highest common divisor of 492 and 2735028?
492
What is the highest common divisor of 3665 and 5?
5
What is the greatest common factor of 132 and 9885480?
132
Calculate the highest common factor of 26 and 1240174.
26
Calculate the greatest common divisor of 512 and 51008.
64
What is the highest common divisor of 916 and 5790494?
458
Calculate the highest common factor of 173260 and 20.
20
What is the highest common factor of 800560 and 48?
16
Calculate the greatest common factor of 207 and 12834.
207
Calculate the greatest common divisor of 30 and 820.
10
Calculate the highest common divisor of 5 and 283165.
5
What is the greatest common divisor of 154917 and 126?
63
What is the greatest common factor of 357 and 174636?
21
Calculate the greatest common factor of 20452 and 172.
4
Calculate the greatest common divisor of 8047 and 117.
13
Calculate the highest common factor of 31734 and 114552.
774
What is the greatest common factor of 172 and 204272?
4
What is the highest common factor of 455980 and 40?
20
What is the highest common divisor of 28460 and 20?
20
Calculate the greatest common divisor of 24928 and 3744.
32
What is the greatest common divisor of 31348 and 204?
68
Calculate the highest common factor of 17139 and 83331.
591
What is the highest common factor of 25 and 3320?
5
Calculate the highest common factor of 3535825 and 50.
25
Calculate the greatest common divisor of 223865 and 5.
5
Calculate the greatest common factor of 20565 and 135.
45
Calculate the highest common factor of 3237 and 33200.
83
What is the greatest common divisor of 5045 and 95?
5
Calculate the greatest common divisor of 70 and 7490.
70
What is the greatest common divisor of 61 and 3685010?
61
What is the highest common divisor of 2157 and 2878157?
719
Calculate the greatest common factor of 11 and 1467257.
11
What is the greatest common divisor of 898 and 12381175?
449
What is the greatest common factor of 1032 and 504?
24
What is the highest common factor of 957481 and 301?
301
Calculate the highest common factor of 438 and 8754.
6
Calculate the highest common factor of 5975 and 75.
25
Calculate the highest common factor of 77 and 705067.
11
Calculate the highest common divisor of 4948 and 12.
4
Calculate the greatest common divisor of 2009 and 45838.
41
Calculate the highest common factor of 93613 and 13.
13
What is the highest common divisor of 155 and 35619?
31
Calculate the greatest common factor of 196411 and 177.
59
What is the highest common divisor of 90 and 112710?
30
Calculate the greatest common factor of 10 and 225575.
5
Calculate the greatest common factor of 240 and 15560.
40
What is the highest common factor of 12576 and 18528?
96
Calculate the greatest common factor of 2404392 and 132.
12
Calculate the greatest common divisor of 30 and 73340.
10
Calculate the greatest common divisor of 8295 and 294.
21
Calculate the h